q**3 + q**2 + 9*q + 16. Let p be z(4). Determine s(p).
-55
Let q = -124 + 311. Let u(z) = -10 + 95*z + 94*z - q*z. Calculate u(9).
8
Let h(w) = -23*w**2 - 9*w - 6. Let s(y) = 3*y + 2. Let f(l) = h(l) + 2*s(l). Calculate f(-1).
-22
Let k(h) be the first derivative of h**4/2 - 2*h**3/3 - h**2 - 1. Let a be ((-328)/1722)/((-6)/63). Let u be k(a). Let x(c) = -2*c - 4. Determine x(u).
-12
Let l = -43996 - -43989. Let a(p) = -p**2 + 39. Give a(l).
-10
Let l(z) = 7*z**2 - 73*z + 33. Let j be l(10). Let o(g) = g + 1. Give o(j).
4
Let k(c) = 494 + 482 + 2*c - 978. Let t be ((-2)/(-3))/(36/(-378)). Give k(t).
-16
Let y(m) = 4*m**3 + 23*m**2 + 13*m + 23. Let w(p) = -p**3 - 6*p**2 - 3*p - 6. Let n(k) = -9*w(k) - 2*y(k). Let t = -909 - -901. What is n(t)?
0
Let g(d) = 55*d**2 - 11*d - 1. Let h(b) = -13*b**2 + 3*b. Let w(f) = -4*g(f) - 17*h(f). What is w(3)?
-8
Let y be 21/((-210)/(-220)) + -13. Let i(j) = 9*j - 87. What is i(y)?
-6
Suppose 2*i + 10 = 7*o - 8*o, -4*o = -5*i + 53. Let g be 20/o - 4/12 - 3. Let z(n) = n**2 + 4*n - 9. Determine z(g).
-4
Suppose 0 = -4*i + 2*h + 174, 4*h = -4*i - h + 167. Suppose -2*w - 63 + i = 0. Let y(r) = -r**2 - 9*r - 1. Calculate y(w).
-11
Let m(s) = s**2 + 2*s. Suppose -114*u - 18 = -111*u. Determine m(u).
24
Let h be 3 + (-4)/1 + 9. Let x be (-5)/15*(2 - h). Let t(b) = -19*b**x - 5 - 12 + 2*b + 18. Give t(-1).
-20
Suppose -2*i + 5*w + 13 = -2, -3*i - 5*w + 85 = 0. Suppose 0 = -5*s + i, p - 3*p + 2*s - 4 = 0. Let l(v) = v**3 - 2*v**2 + 2. Determine l(p).
2
Let a(g) = -g - 2*g**2 - 48711 + g**3 + 48718 + 0*g**2. Calculate a(3).
13
Let o(h) = 71*h + 281. Suppose -26*f = -20*f - 12*f - 24. Give o(f).
-3
Suppose 0 = -25*i + 23*i - 5*d - 2, -2*d - 71 = -7*i. Let t(m) = -2*m**2 + 14*m + 9. Determine t(i).
-27
Let u(j) = 13*j**3 - 16*j**2 - 6*j - 8. Let s(t) = -24*t**3 + 30*t**2 + 10*t + 17. Let q(n) = 6*s(n) + 11*u(n). Determine q(4).
-10
Let b(k) = 756*k + 2274. Let p be b(-3). Let u(y) = 12*y - 67. Calculate u(p).
5
Let w = 1447 + -1449. Let a(p) be the second derivative of -6*p + 3/2*p**2 - 1/6*p**4 + 0 + 1/3*p**3 + 1/20*p**5. Calculate a(w).
-17
Let i be ((-2)/5)/((-5)/(-1200)*3). Let g = i - -34. Let t(w) = -w**3 + w**2 + w. Calculate t(g).
-2
Let o = 310 - 299. Let c(j) be the third derivative of -7/24*j**4 - 1/60*j**5 - o*j**2 + 0*j + 0 + 1/3*j**3. Calculate c(-6).
8
Let p(o) = -5*o - 12 + 12*o - 9*o. Let x be p(-8). Suppose -3*l - 5*k = -7, -4*l = -x*k + 32 + 12. Let i(t) = -t**3 - 7*t**2 - 4*t + 6. Determine i(l).
-6
Let z be (11/11)/(2/8). Let t(h) = 0 + 17*h + z + 12*h - 27*h. Determine t(-11).
-18
Let k(s) = -5*s**2 + 6*s - 2. Let t(d) = -4*d**2 + 2*d - 1. Let n(x) = 3*k(x) - 4*t(x). Let w(h) = 3*h - 22. Let y be w(12). Let l = 4 - y. What is n(l)?
-2
Let r(s) = s**3 + 16*s**2 - 17*s + 16. Let g be r(-17). Let v(h) = -h**2 + 23*h - 22. What is v(g)?
90
Let h(a) be the second derivative of -a**4/12 + 5*a**3/6 + a**2 + 2*a. Let f = 2448 + -2442. Calculate h(f).
-4
Let t = -3301 + 3313. Let d(u) = u**3 - 13*u**2 + 11*u - 7. Determine d(t).
-19
Suppose -4*o + 16 = 0, 0 = 3*a - o - 0*o - 2. Suppose -5*q = -a*q + 18. Let t(l) = -5*l - 28. Let f(m) = m + 5. Let n(p) = 4*f(p) + t(p). Give n(q).
-2
Suppose -6*m - 1162 = -13*m. Let k = 163 - m. Let c(q) = -2*q**3 - 3*q**2 + q - 1. Let i(p) = -p**3. Let g(t) = -c(t) + i(t). Calculate g(k).
4
Let r be (-6 - 99/36)*-4. Suppose 4*v + r*v - 117 = 0. Let b(i) = -i**2 + i + 12. Calculate b(v).
6
Let l(v) = -32*v - 507. Let z be l(-16). Let m(x) = -x**3 + 6*x**2 + 2*x - 39. Calculate m(z).
-4
Let v(t) = t**3 - 2*t**2 - 18*t + 17. Let f(b) = b**2 - 49*b - 45. Let j be f(-1). Determine v(j).
2
Suppose -31*o = -29*o - 10. Suppose -2*m + 4*u - 24 = -4*m, 75 = 5*m + o*u. Let b(h) = -2*h + 26. What is b(m)?
-10
Let z(x) = -x**2 + 11*x + 10 - 2*x - x. Let w(t) = -155*t**2 - 163*t**2 - 9 - 4*t - 4*t + 319*t**2. Let q(o) = -6*w(o) - 5*z(o). Determine q(5).
19
Suppose -m = a, a - m + 13 = 13. Let x(g) = -g**3 + 104. What is x(a)?
104
Let l(i) = 30*i + 199. Let h(a) = -5*a - 6. Let f(q) = -3*h(q) + l(q). Determine f(-5).
-8
Suppose -23*u - 12292 + 11993 = 0. Let w(x) = 3*x - 37. Determine w(u).
-76
Suppose 0 = -5*t + 9 + 6. Let a(o) = -2*o + 0*o + 0*o + t. Let i = 399221 - 399219. Determine a(i).
-1
Let d(w) = w + 8. Let v be d(-5). Suppose 0 = 9*u - 11*u + 8. Let t(z) = z + 4*z - u*z + 1. Determine t(v).
4
Let w = -6 + 9. Let d be (w + 2)*(-18)/(-15). Let f(s) be the third derivative of -s**6/120 + 7*s**5/60 - s**4/6 - 7*s**3/6 - 36*s**2 + s + 11. Give f(d).
5
Let y(m) = 18*m - 3983*m**2 + 2000*m**2 + 27 + m**3 + 2000*m**2. Calculate y(-16).
-5
Suppose 5 = 3*q - 2*q. Suppose -3*m - r + 9 = 0, r - q = 2*m - 2*r. Let u(c) = -c**2 - 3*c - 6*c**3 + 3*c**2 + 7*c**3 - 6*c**3 + 3 + 3*c**3. Calculate u(m).
-11
Let b(h) = 43*h**2 - 59*h + 65. Let f(u) = 27*u**2 - 38*u + 43. Let y(l) = 5*b(l) - 8*f(l). Give y(7).
-5
Let f(n) = 9*n + 55. Let t(k) = -54*k + 479. Let i be t(9). What is f(i)?
-8
Let n(a) = -4*a - 32*a**2 + 2*a + a**3 + 64521 - 64456. Give n(32).
1
Let q be (-111)/(-74)*((-4)/3)/(-2). Suppose -11 = 2*z - m, -q = 8*z - 6*z + m. Let f(j) = j**2 - j + 2. Give f(z).
14
Let s(t) = -t**3 - 6*t**2 + 7*t + 1. Suppose -7 = -0*a - 4*a + 5*r, 0 = -3*a - 2*r + 11. Suppose -h + a*h - 3*y + 11 = 0, 4 = -4*y. Determine s(h).
1
Suppose -6*q + 8*q - 4 = 0. Let f(u) = -7 + u - 11*u + 2*u**q - 2*u - 4*u**2. Let y be f(-6). Let m(x) = -x**2 - 7*x - 4. Calculate m(y).
-4
Let b(q) = q**3 + 2*q**2 + 12*q + 22. Suppose 16 = 4*z + 3*m, 5722*z - 5727*z + 6 = 2*m. Calculate b(z).
-2
Let z(w) = 4*w + 5*w + w. Let f(c) = 7*c**2 - 10*c - 39. Let m be f(10). Let x = m + -560. Give z(x).
10
Let s(b) = -2*b**2 + 29*b + 21. Suppose 2*t = z - 20 + 1, 0 = -z + t + 17. Determine s(z).
6
Let v(o) = o**3 + 7*o**2 - 3*o - 7. Let h(u) be the second derivative of -5*u**3/6 - 56*u**2 + 34*u. Let r be h(-21). Calculate v(r).
14
Let y be (116 - 8)/(-6) + 8 + (0 - -1). Let j(d) = -d**2 - d + 49. Determine j(y).
-23
Suppose 0 = 3*l + 2*f + 3, -2*f - 18 = 38*l - 40*l. Let t(n) be the second derivative of 5/2*n**2 + 40*n + 0 + 1/12*n**4 - 7/6*n**l. What is t(6)?
-1
Suppose -5*c - 627 = -z, 0*c + 3*c = -4*z - 367. Let a = c - -124. Let v(y) = 966*y. Let q(j) = -23*j. Let r(l) = 253*q(l) + 6*v(l). Determine r(a).
23
Let o = 4358 + -4357. Let z(b) = 19*b - 1. Determine z(o).
18
Let i(h) = h**2 + 15*h - 4. Suppose 66*z - 56 = 69*z + 4*y, 5*z + 90 = -5*y. Determine i(z).
12
Let h be (-372)/(-28) + 10/(-35). Let d(b) = 3*b + 54 - 23 - 4*b - h. Calculate d(8).
10
Let p(d) = d**2 - 2*d + 1. Suppose 31*x = -63 + 404. Suppose -x*m + 7 + 59 = 0. Determine p(m).
25
Let v(j) = 53*j - 65*j - 17*j**2 + 3 + j**3 + 42*j. Let w be v(15). Let d(i) = -10*i - i + 22*i - i**2 + w. What is d(11)?
3
Suppose -5*n + 126 = -x + 51, -n = 5*x - 41. Let d(t) = -t**3 + 17*t**2 - 16*t - 29. Determine d(n).
-29
Let q be ((-48)/10)/(1/(-20)). Suppose -4*p - 3*a = p + q, -18 = p + a. Let u = p + 25. Let n(d) = d**3 - 4*d**2 + 4*d - 2. Give n(u).
14
Let i be (4 - 5) + 1*(-1 + 0 - 2). Let z(b) = b**3 + 7*b**2 + 4*b - 5. Calculate z(i).
27
Let f(d) be the first derivative of d**3/3 + 5*d**2/2 + 5*d - 2. Let h = -6 - -18. Suppose -3*l - 19 = 5*b, 5 = -5*b - 4*l - h. Calculate f(b).
5
Let j(c) = -c**3 - 8*c**2 - 8*c - 2. Let s be 2 + -9*2/(-6). Suppose -s*h - 76 = 99. Let p = h + 28. What is j(p)?
5
Let c(s) = s**2 - 3*s - 4. Let z be c(4). Let q(k) = -525*k**3 + 107*k**3 + 105*k**3 + 11 + k + 100*k**3 - k**2 + 107*k**3 + 107*k**3. Calculate q(z).
11
Suppose 8*c + 4*l = 9*c + 11, -2 = -2*c + 2*l. Let y(v) = -2*v**3 + 9*v**2 + 2*v + 19. Determine y(c).
4
Let t(g) = g**3 - 7*g**2 + 7. Let v = -42 - -42. Suppose 5*i - 15 = v, 4*p - 2*p + 7 = 5*i. Suppose -p*c + 35 = c. What is t(c)?
7
Let o(g) = 7 + 10*g**2 + 11534*g - 5769*g - 5764*g. Calculate o(-3).
94
Let y(k) be the second derivative of k**3 + 3*k**2/2 + 4*k. Let q be (-258)/4*200/(-60). Suppose q = 5*o + 225. Determine y(o).
-9
Let g be (2 - -2)/2*-2. Let y(p) = p**2 + 5*p + 3. Let x be y(g). Let v(o) = -51434312 - 11*o + 51434312. Give v(x).
11
Suppose 6*z = 4*u + 9*z - 138, 2*u + 2*z - 68 = 0. Let a(o) = -2*o - 34 - 35 - u + 101. Give a(6).
-16
Suppose 15 = n - a - 11, 4*n - 86 = -2*a. Let r = n + -12. Let g(s) = -s**